when 125 is divided by f.
61
Let a = -709 - -739. What is the remainder when 90 is divided by a?
0
Calculate the remainder when 4/(-18) - (9 + 90116/(-117)) is divided by 83.
14
Let v be (-1)/4 - (-2109)/148. Suppose v*n + 11*n - 2575 = 0. Let y = 8 + 44. What is the remainder when n is divided by y?
51
Let j(y) = 50*y - 799. Let z(q) = -19*q + 266. Let c(s) = -4*j(s) - 11*z(s). What is the remainder when c(0) is divided by 13?
10
Let r(m) = 6*m - 12. Suppose c - 3*c + t + 19 = 0, 0 = -3*c - t + 21. What is the remainder when r(c) is divided by 98/5 + (-4)/(-10)?
16
Suppose -34*q = -29*q. Calculate the remainder when 28 is divided by (1 - -10) + q/(-2 - 1).
6
Calculate the remainder when 1025 is divided by (-416)/36*3/12*-9.
11
Let g(a) = a**3 + 13*a**2 + 28*a + 22. Let u be g(-11). Let t = -16 - u. Suppose -4*z + 16 = -t. What is the remainder when z is divided by 4?
3
Let g = -798 - -1187. What is the remainder when g is divided by 71?
34
Let w(t) = -10*t - 67. What is the remainder when 171 is divided by w(-11)?
42
Suppose -6*t + 89 = -31. Suppose -t*w - 20 = -21*w. What is the remainder when 117 is divided by w?
17
Let s = -4 - -8. Suppose y = -3*q + 98, 2*y = -q - s*q + 164. Let u(n) = -n + 6. Calculate the remainder when q is divided by u(-5).
10
Let w be (-1 - (-1412)/12)*63/(-6). Let x = 1236 + w. Calculate the remainder when (-1)/2 + 874/4 is divided by x.
9
Let b(n) = 78*n - 5310. Calculate the remainder when 7976 is divided by b(71).
224
Let n = 2541 + -2533. Calculate the remainder when 438 is divided by n.
6
What is the remainder when -50*((-15487)/238 - 6/14) is divided by 28?
27
Suppose 0 = 2*b - 4*r - 1542 + 1348, -3*r = -2*b + 195. Calculate the remainder when 701 is divided by b.
8
What is the remainder when 166/(-2324) + 19462/28 is divided by 13?
6
Let y(m) = 3*m - 7. Let t be y(4). Calculate the remainder when 54 is divided by (18 + -13)*28/t.
26
Suppose 0 = m - g - 3, 2*g = 1 + 5. Calculate the remainder when 1132 is divided by m.
4
Let r be (-20)/(-40) - 3/(-2). Suppose -3*f + 272 = -3*b + 4*b, -r*f = b - 182. Let s = -7 + f. What is the remainder when s is divided by 17?
15
Suppose 3*x = 3*g + 45, 0 = 3*x + 4*g - 19 - 5. Suppose -15 = -3*v, 4*h + 4*v - v = -561. Calculate the remainder when x is divided by (-20)/2*(9 + h/15).
0
Suppose 6 = 2*r - 0. Let j(b) = -42*b - 191. Let x be j(-3). Calculate the remainder when 127 is divided by r - ((-26)/x)/((-2)/200).
41
Let q = -1422 + 1526. What is the remainder when 518 is divided by q?
102
Let c(m) = 14*m + 5. Calculate the remainder when 416 is divided by c(1).
17
Suppose 3*l + 526*c - 285 = 527*c, -2*c + 390 = 4*l. Calculate the remainder when 4797 is divided by l.
93
Let b = 8 + -5. Suppose m = -5*h + 2*h + 73, 103 = 5*h - b*m. Suppose 18*t = 26*t + 32, -r = -4*t - 61. Calculate the remainder when r is divided by h.
22
Let f = 5055 - 4776. Calculate the remainder when f is divided by 62.
31
What is the remainder when 888/1 + 6 - 12/(6/2) is divided by 38?
16
Let y = 27 + -13. Suppose -11646*g - 169 = -11659*g. What is the remainder when y is divided by g?
1
Let m(k) = 4*k**2 + 4*k - 1. Let x = -68 - -56. Calculate the remainder when m(-4) is divided by 6*x/(-18) - -12.
15
Let q = -1183 - -639. Let f = q - -547. Calculate the remainder when f is divided by 2.
1
Let n = 899 - -473. Calculate the remainder when n is divided by 19.
4
Suppose -k + 40 + 1 = 0. What is the remainder when (-130 - 0)/((-11)/(-11) - 42/30) is divided by k?
38
Suppose -2*d - 3544 = -2*m, -30*m + 34*m - 7088 = -6*d. What is the remainder when m is divided by 71?
68
Suppose -235*n + 636 = -438*n + 215*n. What is the remainder when 225 is divided by n?
13
Suppose 3*k + 26 = -2*w, 0 = 2*k - 0*k + 3*w + 24. Calculate the remainder when 54 is divided by (4 - 1) + (-2 - k).
5
What is the remainder when 207 is divided by 60 + (-5)/(-5 + 10)?
30
Calculate the remainder when -958*(-3 - 1/(7/(-14)*1)) is divided by 57.
46
Suppose -3*o - 10 + 139 = 0. Let f(g) = -g**2 - 36*g - 137. Calculate the remainder when f(-26) is divided by o.
37
Let l = 80 - 81. Let n be (3 - l) + (9 - 135)/(-6). Calculate the remainder when 82 is divided by -1 + 5 + (0 + 1)*n.
24
Suppose 5*v - 1245 = 5*p, -2*v = -378*p + 374*p - 502. What is the remainder when v is divided by 65?
52
Let h = 79 + -75. Suppose 0 = -h*l + 3*l + 4*o + 21, 0 = 5*l - 4*o - 89. Let w = -12 + l. What is the remainder when 22 is divided by w?
2
What is the remainder when 82 is divided by 41/4 + 6/(-24)?
2
Let a = 44 - 34. Suppose -a*n - 56 = -17*n. What is the remainder when 8 is divided by n?
0
Let d be (-13 + 13)*((-21)/9 - -2). Suppose 10*n = -3*s + 9*n + 628, d = s + 3*n - 212. What is the remainder when s is divided by 10?
9
Suppose -3*z + 2*p + 15 = 0, 5*p + 15 = -0*p. What is the remainder when 22 + -5 - (-5 - -6) is divided by z?
1
Suppose -3*z - m + 310 = 0, 14*m - 12*m = 5*z - 502. Suppose -z*c + 1405 = -97*c. What is the remainder when c is divided by 72?
65
Let i = 3820 + -3789. What is the remainder when 179 is divided by i?
24
Let q be -15*(1/(-7) + (-6)/7). What is the remainder when 94 is divided by ((-36)/q)/(1/(30/(-9)))?
6
Suppose -27*h = 115*h - 34775 - 289979. Calculate the remainder when h is divided by 152.
7
Let k = 32212 + -28785. What is the remainder when k is divided by 1713?
1
Let c = 29 - 28. Suppose 2*d = 5*r - 76, -4*d + c + 1 = r. Let t = r + -6. Calculate the remainder when t is divided by 3.
2
Suppose -4*z + 16*z = 360. Suppose 0 = -2*w + 7*w + z. What is the remainder when 88 is divided by 30/24*w*12/(-10)?
7
Let g be 1 + (6/9)/(22/33). Suppose -u + g*o = -39, u = -2*u - o + 124. Calculate the remainder when u is divided by 11.
8
Let o = 168 - 493. Let x = 363 + o. Calculate the remainder when 188 is divided by x.
36
Let v be 30/(-4)*(-112)/280. Suppose l - v*k - 60 = 0, 0*k = -5*k - 25. What is the remainder when l is divided by 12?
9
Let r be (-12)/1*2/(-6). Suppose 10 = r*u - 10. Suppose 2*p + 59 - 114 = -45. Calculate the remainder when u is divided by p.
0
Let u = 557 - 558. What is the remainder when u*((-221)/(-34))/(1/(-10)) is divided by 16?
1
Let n be (12/(-18))/(2/(-609)). Let a = n - 177. Calculate the remainder when 102 is divided by a.
24
Let y be (18/(-6))/(-3) - (-39)/1. Let x be -1 + 3*y/12. Calculate the remainder when 1/(-3) + 984/x is divided by 16.
13
Let c(n) = 3*n**2 + 3*n + 5. Suppose -5*r + 41 = -3*x, x + 1 + 22 = 3*r. What is the remainder when r is divided by c(0)?
2
Let t be 5 + (-3 + 2)/(1/(-10)). Suppose t*g - 47 - 448 = 0. What is the remainder when 160 is divided by g?
28
Suppose -4 = -2*l - 0. Calculate the remainder when (1 - (-38)/(-12) - -2)/((-181)/10860) is divided by l.
0
Let r = 173 + -27. Calculate the remainder when r is divided by 23.
8
Let t(o) be the third derivative of -5*o**4/24 + 61*o**3/6 - 106*o**2. What is the remainder when 205 is divided by t(7)?
23
Suppose 2629 = 381*w - 142*w. What is the remainder when 590 is divided by w?
7
Let b = 19809 - 19193. Calculate the remainder when b is divided by 572.
44
Let w(t) = -t**2 - 48*t + 1325. What is the remainder when w(-66) is divided by 49?
39
Suppose 0 = 2*t - 2*d - 2*d - 394, -4*d - 199 = -t. Let j = 231 - t. What is the remainder when 537 is divided by j?
33
Let x(u) = 16*u - 251. Let l be x(16). Suppose -441 = -l*s + 4*y - 7*y, -2*s + 168 = -3*y. Calculate the remainder when 432 is divided by s.
84
Let k be 31 - (-2)/((-6)/9). Let m = 507 - 482. Let z = k - m. What is the remainder when 7 is divided by z?
1
Suppose -591 = -73*u + 389 + 1356. Let n(x) = -x**3 - 5*x**2 - x - 6. Let j be n(-5). Calculate the remainder when u is divided by ((-1)/1)/j - -10.
10
Let n = -642 + 570. What is the remainder when ((-66)/7)/(n/336) is divided by 12?
8
Suppose 5*g + r - 41 = g, 0 = g - 4*r - 40. Calculate the remainder when 183 is divided by g.
3
Suppose -r = -5*y + 1325, -y + 3*r + 237 = -14. Let p = y - 210. Calculate the remainder when 182 is divided by p.
14
Let y(h) = -271*h - 507. What is the remainder when 721 is divided by y(-2)?
21
Let m = -234 - -236. Suppose 0 = -m*r - 4, -6*a - 22 = -8*a - 2*r. Calculate the remainder when a is divided by 5.
3
Let x(j) = 21*j - 2. What is the remainder when 1*362 - (26 + -6)*21/84 is divi